. What is a(-61)?
135
Let x(n) = 16*n - 623. Determine x(43).
65
Let y(l) = -38*l**2 - 274*l + 7. What is y(-6)?
283
Let w(x) = -19*x**2 + 20*x - 13. Determine w(0).
-13
Let g(j) = -7*j**2 + 204*j - 11. Determine g(29).
18
Let x(c) = -281*c + 3918. Give x(14).
-16
Let u(d) = 70*d**2 + 7*d - 8. What is u(2)?
286
Let m(d) = -34*d - 128. Calculate m(-5).
42
Let j(n) = -n**3 - 21*n**2 - 45*n - 133. Determine j(-19).
0
Let w(c) = c**2 + 34*c + 341. Give w(-14).
61
Let g(i) = -844*i - 5124. Determine g(-6).
-60
Let x(o) = 6*o + 130. Determine x(0).
130
Let i(w) = -22*w + 254. Calculate i(0).
254
Let q(i) = i**3 + 11*i**2 - 218*i + 650. Give q(7).
6
Let m(j) = 1264*j - 27. Determine m(0).
-27
Let x(h) = -2*h**2 + 84*h + 294. Determine x(47).
-176
Let v(r) = -53*r**2 + 16*r - 25. Calculate v(0).
-25
Let s(l) = -l**2 - 16*l - 6. Determine s(-15).
9
Let h(i) = i**3 + i**2 + 3*i - 24. Give h(0).
-24
Let y(t) = t**2 + 643*t - 9865. Calculate y(15).
5
Let d(t) = t**2 - 73*t - 103. What is d(74)?
-29
Let m(b) = -361*b + 2594. Give m(8).
-294
Let u(c) = -3*c**2 + 39*c - 52. What is u(6)?
74
Let j(i) = 28*i**2 + 1346*i + 90. Determine j(-48).
-6
Let p(v) = 3*v**3 - 313*v**2 + 108*v - 397. Give p(104).
19
Let i(j) = 3000*j - 9007. Give i(3).
-7
Let b(h) = -53*h - 730. Give b(-14).
12
Let k(z) = -z**2 + 50*z - 583. Calculate k(18).
-7
Let i(p) = p**2 + 212*p - 651. What is i(3)?
-6
Let o(g) = -14*g**2 - 224*g - 5. What is o(-16)?
-5
Let j(d) = d**3 - 6*d**2 - 129*d + 854. Calculate j(7).
0
Let w(l) = -24*l + 75. Give w(3).
3
Let u(o) = 16*o + 1734. Calculate u(-104).
70
Let k(b) = -32*b + 327. Determine k(9).
39
Let q(i) = 43*i + 407. What is q(-18)?
-367
Let o(i) = 33*i + 155. Determine o(-7).
-76
Let f(c) = -c**3 + 5*c**2 + 29*c + 42. What is f(6)?
180
Let o(w) = -6*w - 321. Calculate o(-39).
-87
Let g(l) = 947*l - 13250. Calculate g(14).
8
Let k(j) = 2*j**3 + 11*j**2 - 7*j. Give k(-5).
60
Let y(r) = -1244*r + 7467. Calculate y(6).
3
Let r(i) = -4*i**3 - 7*i**2 - 121*i - 394. What is r(-3)?
14
Let i(q) = 6*q**2 + 24*q + 92. Calculate i(-5).
122
Let z(o) = -6*o**3 - 8*o**2 + o - 3. Determine z(-2).
11
Let w(j) = -4*j**2 + 117*j + 64. Determine w(30).
-26
Let i(h) = -h**3 - 14*h**2 - 28*h + 10. Calculate i(-3).
-5
Let z(a) = -a**3 + 70*a**2 + 84*a - 916. What is z(71)?
7
Let l(k) = -87*k - 15. Determine l(-2).
159
Let k(o) = o**3 - 2*o**2 - 50*o + 39. Calculate k(0).
39
Let a(h) = -h**2 - 31*h + 1038. Determine a(-51).
18
Let v(t) = 239*t + 2868. Determine v(-11).
239
Let d(u) = -4*u**3 - 12*u**2 - 3*u - 17. What is d(-3)?
-8
Let w(c) = 463*c + 75939. Give w(-164).
7
Let f(h) = -h**3 + h**2 + 21*h - 31. Give f(4).
5
Let o(i) = 43*i - 1976. Give o(46).
2
Let g(r) = 112*r - 17242. Calculate g(154).
6
Let j(m) = -m**2 - 64*m + 1757. Give j(-84).
77
Let x(o) = 88*o - 303. What is x(3)?
-39
Let v(f) = f**3 + 7*f**2 - 132*f + 84. Determine v(8).
-12
Let b(c) = 18*c + 886. Give b(-46).
58
Let n(u) = -u**2 - 64*u - 273. Calculate n(-4).
-33
Let n(g) = g**3 + 7*g**2 + 3*g - 3. Calculate n(-6).
15
Let p(l) = l**2 - 281*l + 6171. Give p(24).
3
Let c(h) = 5*h**2 + 86*h + 66. Calculate c(-15).
-99
Let z(g) = -169*g + 4831. Determine z(29).
-70
Let y(k) = -4*k**2 - 171*k - 571. What is y(-39)?
14
Let v(n) = 3*n**3 + 5*n**2 + 17*n + 14. Determine v(-2).
-24
Let g(l) = 339*l + 14601. Calculate g(-43).
24
Let r(m) = -m**3 + 12*m**2 - 44*m + 768. Calculate r(13).
27
Let w(h) = -8*h**2 + 209*h + 121. Give w(26).
147
Let p(w) = -34*w - 1723. Calculate p(-11).
-1349
Let f(j) = -30*j**2 + 33*j - 70. What is f(2)?
-124
Let t(d) = 26*d - 3223. Determine t(116).
-207
Let x(r) = -4*r**2 + 2*r - 14. Determine x(4).
-70
Let z(r) = -2*r**2 + 45*r + 225. What is z(-5)?
-50
Let k(i) = 2*i**2 + 536*i + 4. Calculate k(0).
4
Let b(o) = -o**3 - 33*o**2 + 150*o - 25. Calculate b(4).
-17
Let r(n) = n**2 - 16*n + 33. Determine r(14).
5
Let y(v) = v**3 + 4*v**2 + 7*v + 15. Determine y(-5).
-45
Let r(g) = 2*g**3 + 4*g**2 + 22*g + 122. What is r(0)?
122
Let r(s) = -2*s**3 - 23*s**2 - 21*s + 20. Calculate r(-9).
-196
Let p(z) = 46*z**2 - 42*z + 30. Give p(1).
34
Let h(i) = 11*i**2 + 16*i + 14. Determine h(-2).
26
Let q(h) = -h**2 - 102*h - 770. Give q(-8).
-18
Let y(w) = 20*w**2 - 6*w + 3. Give y(-4).
347
Let b(g) = g**3 + 17*g**2 + 289*g + 1150. What is b(-5)?
5
Let x(m) = 2*m**2 - 25*m - 32. Determine x(14).
10
Let x(a) = -7*a**2 - 94*a + 14. Determine x(-11).
201
Let b(t) = -12*t**2 - 243*t - 1118. Determine b(-13).
13
Let i(d) = -2*d**3 + 31*d - 68. Determine i(3).
-29
Let g(k) = 8*k**2 + 15*k + 24. Calculate g(-5).
149
Let a(x) = -30*x - 188. Calculate a(-17).
322
Let h(s) = -274*s - 2466. What is h(-9)?
0
Let s(q) = -234*q + 956. What is s(4)?
20
Let j(b) = -213*b**3 - 2*b**2. Calculate j(1).
-215
Let u(k) = k**2 - 64*k + 982. Give u(45).
127
Let a(r) = 2*r**2 + 15*r - 127. Give a(6).
35
Let u(a) = a**3 + 33*a**2 + 119*a + 85. What is u(-29)?
-2
Let z(y) = y**3 - y**2 - 15*y + 12. Give z(4).
0
Let d(a) = 499*a + 44406. Determine d(-89).
-5
Let c(x) = -69*x - 939. What is c(-14)?
27
Let g(a) = -2*a**3 + 27*a**2 - 18*a - 217. Calculate g(12).
-1
Let z(y) = -5*y**2 + 2375*y - 9476. Give z(4).
-56
Let h(x) = -5*x**3 - 99*x**2 - 77*x - 107. Give h(-19).
-88
Let x(b) = -90*b + 619. Determine x(7).
-11
Let a(i) = -i**3 + 11*i**2 - 95*i + 467. Determine a(7).
-2
Let t(o) = -o**2 - 13*o + 3. Give t(-13).
3
Let n(b) = -727*b + 6202. Determine n(9).
-341
Let l(x) = -x**3 - 12*x**2 + 3*x - 226. What is l(-13)?
-96
Let p(q) = 3*q**3 + 6*q**2 - 5*q. Determine p(3).
120
Let s(u) = u**3 + 35*u**2 + 5*u + 49. What is s(-35)?
-126
Let j(u) = -96*u - 752. Calculate j(-8).
16
Let j(l) = -594*l + 2976. Calculate j(5).
6
Let v(k) = 7*k**3 + 140*k**2 - 8*k + 27. Give v(-20).
187
Let f(u) = 10*u**2 + 547*u - 2533. What is f(-59)?
4
Let g(j) = -j**3 - 29*j**2 - 105*j - 643. What is g(-26)?
59
Let n(i) = 4*i**3 - 20*i**2 - 21*i + 90. Give n(5).
-15
Let v(b) = -12*b - 729. Give v(-63).
27
Let a(n) = -449*n + 127958. Give a(285).
-7
Let v(z) = -z**3 - 45*z**2 - 446*z - 381. Determine v(-31).
-9
Let a(f) = -35388*f - 176946. What is a(-5)?
-6
Let k(s) = 3*s**3 - 24*s**2 - 48*s + 195. What is k(9)?
6
Let a(b) = b**3 - 31*b**2 + 34*b - 115. What is a(30)?
5
Let o(v) = -v**3 - 14*v**2 - 47*v - 20. Determine o(-10).
50
Let v(z) = -204*z**2 - 11424*z - 1. What is v(-56)?
-1
Let x(k) = -37*k - 1185. What is x(-30)?
-75
Let w(c) = -c**3 - 3*c**2 + 5*c - 88. Determine w(-6).
-10
Let x(d) = 2*d**3 + 45*d**2 - 30*d - 103. Calculate x(-23).
58
Let j(t) = -3*t**2 + 242*t + 121. Give j(81).
40
Let k(t) = -268*t + 2437. Give k(9).
25
Let k(v) = -v**3 - 2*v**2 + 122*v + 34. What is k(-12)?
10
Let a(j) = 3*j**2 + 33*j - 229. Determine a(-16).
11
Let a(f) = -3*f**3 - 13*f**2 - 100*f - 388. What is a(-4)?
-4
Let o(c) = -7*c**2 - 142*c - 695. Calculate o(-12).
1
Let y(h) = h**3 + 25*h**2 + 54*h + 62. Give y(-22).
326
Let u(q) = -q**2 + 174*q - 7521. Calculate u(96).
-33
Let w(i) = 135*i - 1081. Give w(8).
-1
Let p(m) = 5*m**2 - 17*m + 64. Calculate p(3).
58
Let n(h) = -5*h + 16. What is n(-26)?
146
Let m(b) = 3*b**3 + 3*b**2 + 38*b + 115. Calculate m(-3).
-53
Let m(c) = -2*c**3 - 70*c**2 - 67*c - 26. Calculate m(-34).
-60
Let v(q) = -q**2 + 54*q + 5. Determine v(47).
334
Let a(x) = 2*x**3 + 14*x**2 - 5*x - 3. Determine a(-8).
-91
Let q(k) = -k**3 + 130*k**2 - 248*k - 903. Give q(128).
121
Let f(w) = -303*w + 4847. Determine f(16).
-1
Let v(z) = 2*z**3 - 25*z**2 - 9*z - 52. Determine v(13).
0
Let v(p) = -160*p**2 + 646*p - 29. Give v(4).
-5
Let z(y) = -68*y - 1516. Determine z(-20).
-156
Let p(l) = 2*l**3 - 31*l**2 - 19*l + 46. Calculate p(16).
-2
Let b(d) = -200*d - 1151. What is b(-6)?
49
Let f(h) = -8*h**3 + 52*h**2 - 108*h + 1. What is f(2)?
-71
Let f(c) = c**2 + 31*c + 102. Determine f(-27).
-6
Let m(s) = -160*s - 3836. Determine m(-23).
-156
Let d(l) = 13*l - 82. Determine d(7).
9
Let r(n) = -2*n - 91. What is r(28)?
-147
Let t(j) = 134*j + 44. Give t(4).
580
Let h(r) = r**3 - 142*r**2 + 4150*r - 352. Give h(41).
17
Let d(k) = -559*k + 2804. Calculate d(5).
9
Let q(l) = l**2 + 67*l - 1734. Give q(-82).
-504
Let q(b) = 6*b**2 + 250*b + 622. Give q(-39).
-2
Let x(c) = -53*c - 1640. Give x(-31).
3
Let t(n) = -656*n - 17729. Give t(-27).